be w(-5). Let z = -11 + b. Let n = 90 - z. What is the units digit of n?
9
Suppose 2*i - 1121*y - 18639 = -1120*y, 27941 = 3*i - 4*y. What is the units digit of i?
3
Suppose 9*m = 4*m - 15, 0 = 2*j + 3*m - 49. Let r(c) = 59*c - 189. What is the tens digit of r(j)?
2
Suppose 19*b - 275284 = -23*b + 122372. What is the thousands digit of b?
9
What is the thousands digit of -50 + 47 - (0 + -6611)?
6
Let a(j) = 14*j - 94. Let m be a(7). Suppose 17*r + m*f = 21*r - 472, 0 = 4*r + 2*f - 502. What is the hundreds digit of r?
1
Let h(d) = -289*d - 2. Suppose 0*z - 6*z = 6. Let i be h(z). Suppose -52 - i = -3*w. What is the units digit of w?
3
Suppose 2475 = 3*r - 6891. What is the hundreds digit of r?
1
Suppose 4*l = -8*l + 52488. Suppose -3*v - l = -3*b, 2*b - 95 = v + 1361. What is the units digit of (-1 - (-21)/12)/((-5)/v)?
9
Let l be -2*(0 - 6/(-4)) - -7. Suppose -b - 2689 = 5*f + 2*b, l*f + 2150 = -2*b. What is the tens digit of f/(-10) + 10/25?
5
Suppose -140*w - 436914 = -167*w. What is the ten thousands digit of w?
1
Suppose -819*t + 32628 = -813*t. What is the units digit of t?
8
Let g be (-4)/(-14) - 96/(-7). Suppose -g*x + 18*x = 1188. What is the units digit of x?
7
Let w be 1867 - -7 - ((-6)/3 - -4). Suppose -w = -2*y + 404. What is the tens digit of y/8 - ((-14)/8)/(-7)?
4
Suppose 5*h + 626 + 124 = 0. Let j = h - -275. Suppose -w + 51 = k - 0*k, -4*k = -3*w + j. What is the units digit of w?
7
Let u(k) = -1907*k - 6928. What is the ten thousands digit of u(-26)?
4
Suppose -7 - 5 = -4*i. Let b be -3*(-95 + 4/(6 + -2)). Suppose i*c - 63 - b = 0. What is the units digit of c?
5
Suppose -4492 = -4*v - 4*s + 52500, -3*s = -4*v + 57013. What is the tens digit of v?
5
Suppose 0 = 11*r + 9128 + 3027. What is the tens digit of 0 + (-4 - r) + 2?
0
Let h be 43/1 + -7 + 6. Suppose 15*n - 1962 = -h. What is the hundreds digit of n?
1
Let c(b) = 282*b**2 + 2*b - 56. Let o be c(7). What is the units digit of (-2)/5 + -5 + o/40?
9
Let g be (2 - 20)*(3 + 114/(-36)). Let v(i) = -i + 4. Let s be v(2). Suppose 5*t - c = 334, 2*t - 135 = s*c - g*c. What is the tens digit of t?
6
Suppose 0 = -91*v + 92*v - 6. Suppose -v*k - k + 1225 = 0. What is the tens digit of k?
7
Let t(u) = 26193*u**2 - 26*u + 28. What is the units digit of t(1)?
5
Let k(o) = 49*o**3 - 13*o**2 + 10*o + 8. What is the tens digit of k(5)?
5
Let j = -6990 + 46686. What is the tens digit of j?
9
Let b(n) = -79*n + 18. Let d = -176 - -171. What is the units digit of b(d)?
3
Suppose -2*f + 326 = 3*f + 4*u, -130 = -2*f - 2*u. Suppose q + 66 = -3*j + 6*q, f = -3*j + 3*q. Let r = j + 40. What is the tens digit of r?
1
Let o be (4 + -8 + 6)*(-5)/(-2). Suppose o*a - 1235 = 5*r, a + r = -2*a + 761. Suppose 287 + a = 7*g. What is the units digit of g?
7
Suppose 3*w = -4*w. Suppose w = -5*q - 769 + 2944. What is the hundreds digit of q?
4
Suppose -51 - 417 = -4*j. Let u = j + -65. What is the units digit of u?
2
Suppose -4*h = -5*a - 6053 - 112599, -4*a + 148356 = 5*h. What is the units digit of h?
8
Suppose 6*u - 8*u - 6 = 0. Let a be (2*u/12)/(1/(-4)). Suppose -t + 129 = a*t. What is the tens digit of t?
4
Let d = 12 + -4. Suppose 31*t + d = 29*t. What is the units digit of (t/(-6))/(5/2340*8)?
9
Suppose 4*c + 80*l - 55056 = 75*l, 4*l = -3*c + 41291. What is the units digit of c?
9
Let o(j) = -418*j**3 - 4*j**2 + 82*j + 325. What is the hundreds digit of o(-4)?
6
Let s = -233 + 235. Suppose -4*w + 88 = s*y, y - 176 = -4*y + w. What is the tens digit of y?
3
Suppose 0 = -x + y + 124 + 47, -4*y + 534 = 3*x. Let l = -341 + 612. Let u = l - x. What is the units digit of u?
7
Let c be (2/(-6))/(3/(-18)). Let w(q) = -q**c + 3*q**2 - 4 + 7*q**2 - 6*q**2. What is the units digit of w(-2)?
8
Suppose k - 958 = -3*y, -160 = -y + 5*k + 138. Let m = -299 + y. What is the units digit of m?
9
Suppose f + 0 - 6 = -v, -4*f + 19 = 3*v. Suppose 5*g + v*r - 2702 = -427, 0 = -2*g + 4*r + 880. Suppose 0 = -9*q + 531 + g. What is the units digit of q?
9
Suppose 91*v = 82*v + 27594. Suppose 7*d = 13*d - v. What is the units digit of d?
1
Let v = 1494 + 3507. What is the hundreds digit of v?
0
Suppose -355624 = -113*m + 755262 + 129515. What is the tens digit of m?
7
Let m be (-10)/(-6) - (-2)/(-3). Let y = -2960 + 2963. What is the units digit of 1 + m + (y + 73 - -5)?
3
Let d(x) = 7*x**2 + 7*x - 34. Let i(h) = -h**3 + 6*h**2 + 5*h + 7. Let f be i(7). What is the tens digit of d(f)?
6
Let n be (14 + -2)*(0 + (-45)/(-10)). Suppose -n*f + 20933 = 5597. What is the hundreds digit of f?
2
Let l(h) = h**3 - 6*h**2 + 2*h - 10. Let s be l(6). Suppose -s*p = 3*m - 2*m - 87, 4*p + 69 = m. Suppose a + 58 - m = 0. What is the units digit of a?
3
Let v be (-17235)/6*36/(-27). Suppose -14*w + 4*w + v = 0. What is the units digit of w?
3
Let h(r) = -3*r**2 - 6*r + 41. Let y be h(-5). What is the hundreds digit of (-5)/35 - (y - 5146/7)?
7
Let w = 24 + 9. Suppose -w - 80 = -x. Suppose -3*t = -4*l - 330, -t + 2*l = -x + 5. What is the hundreds digit of t?
1
Let w(r) = -62*r**3 - 38*r**2 - 174*r - 11. What is the units digit of w(-6)?
7
Let g = 304 + -284. Let h be -2*(-3*1 - -2). What is the tens digit of h - g/4 - -13?
1
Let n(u) = 16*u + 35. Suppose 8*q + 9*q - 374 = 0. Suppose w - q = -8. What is the tens digit of n(w)?
5
Let f(s) = -14*s + 663. Let q be f(47). Let z = -41 - -78. Suppose -z = -q*b + 4*b. What is the tens digit of b?
3
Let q(d) = -21*d + 50 + 6*d - 16 + 67 - 17. What is the hundreds digit of q(-5)?
1
Let a = -503 + 569. Suppose w + a = 1367. What is the hundreds digit of w?
3
Suppose 4*a - 43159 + 7735 = -3*f, -f = -5*a - 11789. What is the ten thousands digit of f?
1
Let t be -24 - -24 - (0 - -99). Let s = 46 + t. Let w = 123 + s. What is the units digit of w?
0
Suppose 3*n + 12 = 6*n. Suppose 5*d - 5*t = 510, 3*d + n*t = -2 + 280. What is the units digit of (2/7 - (-4186)/d)*1?
3
Let p(m) = 24*m + 11. Suppose h = 5*u + 4*h - 36, 4*u + 3*h - 30 = 0. What is the tens digit of p(u)?
5
Suppose -2*u = -0*t - 3*t - 281, -4*u = -5*t - 563. Let l = 662 - u. What is the tens digit of l?
2
Let w = 117 - 115. Suppose -w*b - b = -i - 54, 4*b - 62 = -2*i. Suppose -10*c - 1414 = -b*c. What is the tens digit of c?
0
Let l(g) = -1242*g + 877. What is the thousands digit of l(-3)?
4
Let w = -27152 - -41826. What is the hundreds digit of w?
6
Let t(d) = -d**3 - 11*d**2 + 11*d - 10. Let x be t(-12). Let j be (-2 - -4)/(x/(-43)). Let n = j - -76. What is the tens digit of n?
3
Let t(q) = -q**2 - 48*q + 344. Let k be t(-54). What is the units digit of 1378/k - (-69)/690?
9
Let a = -294 + 350. Suppose a*d = 40*d + 27328. What is the thousands digit of d?
1
What is the tens digit of (3 - 4)/13 + 297185/65?
7
Let k(y) = 13*y - 3. Let j(n) = -5*n**2 + n + 1. Let q be j(-1). Let p be 3 - (-9)/(-3) - q. What is the tens digit of k(p)?
6
Let s = -533 - -1293. Suppose 5*v = -3*o + s, 0*o + 5*v = -5*o + 1250. What is the units digit of o?
5
Let c(r) = 211*r**2 + 118*r + 73. What is the ten thousands digit of c(8)?
1
Let q(k) = 79*k**2 - 158*k - 137. What is the units digit of q(11)?
4
Suppose 122*c - 271674 = 36*c. What is the hundreds digit of c?
1
Let g(x) = 2*x + 70. Let v(o) = o**3 - 14*o**2 + 47*o + 3. Let h be v(8). What is the tens digit of g(h)?
6
What is the thousands digit of ((-176)/(-24) - 6)*218292/16?
8
Let m(r) = -3*r**2 - 18*r + 3. Let c be m(-6). Suppose 0 = c*u - 3*f - 67 - 1085, 3*u - f = 1148. Suppose 23*q = 21*q + u. What is the tens digit of q?
9
Let w be (25 - 23)*(14/4 - 2). Suppose -348 = -b - 2*n, b - 661 = -b + w*n. What is the tens digit of b?
3
Let c be (4 - (-315)/(-81)) + (-25244)/(-9). Suppose 16*i = i + c. What is the units digit of i?
7
Suppose 4*p + 135 - 23 = 0. Let j = p - -28. Suppose r + j*r = 84. What is the tens digit of r?
8
Let x = -416 + 550. Let t(r) = 7*r - 1. Let m be t(-2). What is the units digit of (x/10)/((-3)/m)?
7
Let a = 18899 + -16460. What is the hundreds digit of a?
4
Let i = -76 - 10. Let t = 481 + i. What is the hundreds digit of t?
3
Suppose -8 = 4*k - 7*n + 3*n, -5*k + 5 = -2*n. Suppose -i + 5*j - 6 = -k*i, 4*j = 3*i + 14. What is the units digit of 4 + i + (185 - 2)?
5
Let x(d) = d**2 - 41*d - 734. Let i be x(-16). Let t be (-6)/(-27) - 1750/18. Let z = t + i. What is the units di